42544)/(-96) + z/(-6) composite?
False
Suppose 5*q + 2*y - 8 = 4*q, -6 = -3*y. Let n(j) = -3*j**3 - 3*j**2 + 9*j - 7. Let i be n(q). Let d = i - -620. Is d a composite number?
False
Let q(u) be the third derivative of u**4/24 + 2*u**3 - 9*u**2. Let i be q(11). Let t(b) = 30*b - 17. Is t(i) a composite number?
False
Suppose 21*d - 27*d - 42 = 0. Let n(t) = -18*t**3 - t**2 - 11*t - 5. Is n(d) a prime number?
True
Suppose 0 = -n - 456 + 459. Suppose 0*j + 14273 = g + 4*j, -5*j = n*g - 42840. Is g a prime number?
False
Let p(w) = -w**3 + 18*w**2 - 19*w - 43. Let k be p(12). Suppose -3*u = -5*s - 2755, -3 = s - 4*s. Let y = u - k. Is y a prime number?
False
Suppose -496793 - 1081872 = -39*v - 16*v. Is v a composite number?
False
Suppose j - 3*m - 539378 = -173082, -4*j + 1465114 = 2*m. Is j prime?
False
Let o be (-60042)/((-11)/((-132)/(-18))). Suppose a + 0*q - 4*q = 10007, 4*a = 2*q + o. Is a a composite number?
False
Let o = 168 - 163. Suppose -3136 + 20981 = o*m. Is m composite?
True
Suppose 3*j - 8010 = 8*j. Let o = j + 2251. Let p = o - 398. Is p composite?
False
Let o(b) = b**2 - 14*b + 15. Let k be o(13). Suppose 6*p - 3*m = k*p - 30820, m - 7706 = p. Let n = -3057 - p. Is n a prime number?
False
Suppose -l - 5*z + 3 = 0, -79*l + 76*l + 2*z = 8. Is 2/l + -1 + 13311 a composite number?
False
Let k(c) = -4369*c + 521. Is k(-6) prime?
False
Let s(x) = 20*x**2 - 2*x + x - 3*x + 11*x**2 - 10*x**2 - 14. Is s(-3) a prime number?
False
Suppose 0 = 3*p + 2*y - 5*y - 15, -2*p + 3*y + 7 = 0. Suppose 0 = -5*v - 9*z + p*z + 16132, -3228 = -v - z. Is v composite?
True
Let l(i) = 103*i**2 - 6*i - 1. Let c = -34 + 30. Let v be l(c). Suppose 3*m + 0*m = -2*a + v, 0 = 3*m + 3*a - 1671. Is m a composite number?
False
Let a(s) = -s**3 + 38*s**2 + 6*s - 46. Let h be a(38). Suppose 2*d + 3*l - h = 2529, 2*d - 2741 = 3*l. Is d a composite number?
True
Suppose -20288 = -5*j + 33967. Let b = -6320 + j. Is b composite?
True
Let r be (1 + 4 + -4)*-61. Let a = r - -67. Is ((-5)/a + 4/12)*-1582 composite?
True
Suppose -40374 = -42*m + 24*m. Is m a composite number?
False
Let n be (-15010)/(-15) - 14/21. Suppose 5876 + n = 12*a. Is a prime?
False
Let p(u) = 51*u**3 - 22*u**2 + 84*u - 817. Is p(14) a composite number?
True
Suppose t = 15510 - 3106. Let i = t + -6417. Is i a prime number?
True
Suppose 42*w + 7*w - 9142813 + 2362634 = 0. Is w prime?
True
Let u = -696 + 2105. Is u a composite number?
False
Let q(x) = -37*x - 74. Let y(v) = 36*v + 73. Let u(f) = -3*q(f) - 4*y(f). Is u(-17) composite?
False
Suppose -2*w = -30*u + 25*u - 547309, -4*w - 3*u + 1094579 = 0. Is w a composite number?
True
Suppose 0 = 39*s - 36142 - 239354. Suppose 2*x = 5*x + 15033. Let i = x + s. Is i a prime number?
True
Let c = 160 + -158. Suppose 0 = -3*j + c*j + 5*a + 6207, 3*j + a - 18685 = 0. Is j a prime number?
False
Let r(a) be the third derivative of -43*a**6/120 + a**5/60 - 5*a**4/8 - 19*a**3/3 + 14*a**2 + 4*a. Is r(-5) composite?
False
Suppose 4295 = 3*x - 5*r, -4*r + 2856 = 2*x - 0*x. Suppose x = 7*t + 4*t. Suppose -5*f - t = -360. Is f composite?
True
Let i = 1802 - 1170. Suppose -4*c = -626 - 258. Suppose -n + c = -i. Is n composite?
False
Suppose -8 = -4*v + 2*j - 6*j, v - j + 8 = 0. Is (v + 35/10)*197330/7 a prime number?
False
Suppose 0*q + 924 = q. Suppose 93*h + 17832 + 17980 = 121*h. Let w = h + q. Is w prime?
True
Let q = 3524 + -1052. Let m = q - -109. Is m composite?
True
Suppose 2*b - 3*j = -29, -5*b - 2*j - 21 = 4. Let a(r) = -112*r - 99. Is a(b) a composite number?
True
Let f be (6/4)/((-3)/(-12) - 1). Let w be 6/12*0/f. Suppose -6*i + 2514 = -w*i. Is i a composite number?
False
Suppose -4*l = -2*l + 12. Suppose 8323 + 517 = -5*d - 4*s, 0 = 4*d - 4*s + 7108. Is ((-2)/4 - -5)*d/l a prime number?
False
Suppose -2*u = 54 - 62. Suppose 2*l - u*n + 3*n - 9 = 0, -2*l - 6 = -4*n. Suppose l*s + 469 = 8*s. Is s a composite number?
True
Let u be (-1)/2*(-20 - (-45 - -19)). Let q(z) = -5 - 1 - 2 - 197*z. Is q(u) prime?
False
Suppose -u + 9741 = 2*a, -5*u - u + a + 58394 = 0. Is u composite?
False
Suppose a - 13 = -3*t + 2*a, 4*t - 5*a - 32 = 0. Suppose -t*y - 3376 = 5*y. Is 4/(-2)*y/4 prime?
True
Let g = -35489 + 105528. Is g composite?
False
Let m = 434 - 435. Is m/(-7) - 1570290/(-238) composite?
True
Let b(d) = -27354*d**3 + 2*d**2 + 4*d + 3. Is b(-1) a prime number?
False
Let l = 100136 - -122895. Is l a prime number?
False
Suppose -80*s - 73*s + 147931316 = -101*s. Is s a composite number?
False
Let i be (13/52)/(3/24). Let t = -7 - -10. Suppose -i*p + 0 = -4, p + 1435 = t*s. Is s a prime number?
True
Suppose -3102953 = -18*f + 580477. Is f a composite number?
True
Suppose 113979 = d + 38407. Is 4/(-18) + d/36 a prime number?
True
Let t be -7*1664/(-1) + 108 + -110. Let c = t - 6085. Is c composite?
True
Let g(v) = 8 - 171*v + 14 - 28 + 8. Is g(-9) a composite number?
True
Let f be 5 + (-1 - 0)/(16 + -15). Suppose j = -2*o - 4*j + 15, 0 = 3*o - j + 20. Is (20/o)/(f/(-10)) - -1 composite?
False
Suppose 15*z = 33*z - 256086. Is z a prime number?
False
Let a = 42 - 45. Let u be (a/9)/(-4 - 6873/(-1719)). Suppose 4*d = 3*d + u. Is d prime?
True
Suppose -5*t + 3 = 2*a, 3*a = 2*a - t + 6. Suppose 10*d + 6 = a*d. Let n(g) = -2*g**3 - 5*g**2 - 4*g - 13. Is n(d) composite?
False
Suppose 0 = -40*g - 334 + 94. Let k(r) = -4 - 5*r - 5*r**2 - 2*r**2 - 8*r**3 + 2*r**2. Is k(g) a composite number?
True
Let l(w) = -5*w + 13605. Let z be l(0). Suppose 5*x - 17001 = 4*a, 0 = 4*x + a - 0*a - z. Is x composite?
True
Let s = 35 - 41. Let d(v) = v**2 - 7*v - 1. Let n be d(s). Let m = 124 - n. Is m composite?
False
Suppose -280*c + 9145757 = -5213483. Is c composite?
False
Let c = -646735 + 1470992. Is c a prime number?
False
Suppose 0 = -85*b + 51834 + 449668 - 98517. Is b a composite number?
True
Suppose -y + 14856 = 5*y. Let o = y - 1085. Is o a prime number?
False
Let d(g) = 14*g**3 + 2*g**2 - 24*g - 40. Let q be d(-8). Let w = 829 - q. Is w a composite number?
False
Let y(z) = -z**3 + 52*z**2 + 81*z + 341. Is y(49) a prime number?
False
Suppose -4820 = -5*r - 5*n, -2812 = -5*r + 4*n + 2035. Is r composite?
False
Suppose 4*v = k - 10, -2*k - 2 = 2*k - 2*v. Let q be 9/6*((-1 - -5) + k). Suppose -q*o = z - 1564, -4*o + 3*z + z + 2080 = 0. Is o composite?
False
Let w = -112056 + 292283. Is w a composite number?
True
Suppose 0 = 12*t - 19583 + 2279. Suppose -16*a = -1454 - t. Is a composite?
False
Is (54960674/(-923))/((-4)/26) a prime number?
True
Suppose -26*t + 180 = -860. Suppose 16*x + 105864 = t*x. Is x a composite number?
True
Let y(h) = -253*h**2 - h + 6 + 0*h + 256*h**2. Let v be y(8). Suppose -2*i + n + v = 0, 2*i + n = -4*n + 214. Is i prime?
True
Suppose 19 = 6*k + 13. Let n be (k - (-2)/(-4))/(2/20). Suppose n*c - 3760 = 1095. Is c a prime number?
True
Suppose -6*k - 14 = -13*k. Let h(u) = -18*u - 14 - 3 - k*u. Is h(-5) prime?
True
Suppose 0 = -2*u + 12163 + 1415. Suppose -5*f + u = -0*h + 4*h, 5424 = 4*f + 5*h. Is f a prime number?
True
Let w(s) = 5*s + 10. Let m be w(-8). Let q = -26 - m. Suppose 3*y + 13656 = 3*o, -q*o + 8*y + 18213 = 3*y. Is o a prime number?
True
Let u(v) = 7*v**2 - 36*v + 5. Let o be u(5). Suppose o = -3*n - 0*n + 3*a + 3603, 3*n + 4*a - 3603 = 0. Is n composite?
False
Suppose -3 = -2*f + 5*b - 6, 0 = f - 5*b - 1. Let p be (-2)/4*f - (-7 - -5). Suppose -3*x - a = -0*a - 2608, 3*x - 2633 = p*a. Is x composite?
True
Let b(j) = 2*j**3 + j**2 - j + 1. Let v(h) = -7*h**3 + h**2 + 7*h - 4. Let x(g) = 3*b(g) + v(g). Let c = 8 + -12. Is x(c) composite?
True
Suppose 5*l - 388471 - 320805 = -3*t, -5*t = -3*l + 425518. Is l a prime number?
True
Suppose -5*d - 3*q - 31 = -7, 2*q = 4*d + 6. Let i be ((-8)/d)/(4/(-6)). Let j(y) = 40*y**2 + 4*y + 7. Is j(i) prime?
True
Suppose 4*y - 15 = 3*y + 3*s, -3*y - 4*s = -84. Let w be (-101312)/y - (-2)/6. Let c = -2548 - w. Is c a prime number?
False
Is (-8)/(128/(-1066)) + (-21)/(-56) a composite number?
False
Let u(i) = -844*i**2 + 140*i + 313. Let x(m) = 168*m**2 - 28*m - 63. Let n(o) = 2*u(o) + 11*x(o). Is n(16) a prime number?
False
Suppose -24332 = -26*i + 19*i. Suppose 0 = -17*n + 21*n - i. Is n prime?
False
Let t(l) = -9 - 16 - 8*l + 9*l**2 + 3*l**2 - l**3. Let n be t(11). Is 2/n*40/10 - -1476 a composite number?
True
Let s 